?
-4755
In base 15, what is -4e - 16eb8?
-17017
In base 6, what is -5 + 15005123525?
15005123520
In base 5, what is -40320304 - -100?
-40320204
In base 15, what is -4d3969d - 0?
-4d3969d
In base 16, what is 1 - a651d8a?
-a651d89
In base 8, what is -206146 + -235?
-206403
In base 3, what is 121102210220012220 - -1?
121102210220012221
In base 12, what is 9581606 - 4?
9581602
In base 4, what is -1202 - -1033310221?
1033303013
In base 15, what is -18ddd5 - 6?
-18dddb
In base 2, what is 1011010010111001111011 - 11110?
1011010010111001011101
In base 13, what is -328573 - 9?
-32857c
In base 14, what is 4b3 - -1477?
194a
In base 8, what is -2 + -56670740?
-56670742
In base 4, what is -101 - 32202113?
-32202220
In base 14, what is 0 + 1929c7?
1929c7
In base 12, what is -660 - 40990?
-41430
In base 8, what is -4 - 157725631?
-157725635
In base 12, what is -10 + 178a15?
178a05
In base 6, what is 1405 - 4222552?
-4221143
In base 14, what is -463 - -19a6b7?
19a254
In base 2, what is -1011100010101 + 10110011010?
-1000101111011
In base 2, what is -10011 - -1101001101001101111101?
1101001101001101101010
In base 10, what is -1 + -12733432?
-12733433
In base 7, what is -420 + 5523233?
5522513
In base 14, what is -11d09 + 2aa?
-11a3d
In base 2, what is 1110000001010 - -10110011110011?
100100011111101
In base 15, what is 2 + -186369?
-186367
In base 3, what is -2120222 - -101001222?
21111000
In base 16, what is -326 + -22b8?
-25de
In base 13, what is 1756 + -30452?
-2b9c9
In base 11, what is 1895 + 266a6?
28490
In base 10, what is 3255 + 26392?
29647
In base 16, what is -38a + 1059f?
10215
In base 3, what is -1221210100 + 10100002?
-1211110021
In base 11, what is -12a87316 - 3?
-12a87319
In base 5, what is 240 - 30211323?
-30211033
In base 8, what is 1 + -171172376?
-171172375
In base 2, what is 1000011011010110 - 101110110001?
111101100100101
In base 11, what is -1334 + 1038?
-2a7
In base 13, what is 52c3ac - -1?
52c3b0
In base 2, what is 100 + -10001001100111111000000?
-10001001100111110111100
In base 4, what is -20031102000 - -10213?
-20031031121
In base 3, what is 22 + 210212000010?
210212000102
In base 10, what is 566776498 + -4?
566776494
In base 5, what is -400342031133 + 10?
-400342031123
In base 14, what is 110453 + -12?
110441
In base 12, what is a - -a5190?
a519a
In base 4, what is 11100 - 100301112?
-100230012
In base 2, what is -11111001 - 1111001000010000?
-1111001100001001
In base 7, what is 6216462 - -326?
6220121
In base 10, what is -222228 + -56?
-222284
In base 4, what is -113133 - 2130333?
-2310132
In base 5, what is -200420 - -401?
-200014
In base 6, what is 212201220 + 201?
212201421
In base 15, what is -277818 + -2b?
-277844
In base 7, what is -5 + -506335224?
-506335232
In base 2, what is 1000101010 - 1010100001101010010?
-1010100000100101000
In base 16, what is a743f - -10?
a744f
In base 3, what is -2010 + 1120222021?
1120220011
In base 15, what is -1e + -129b3cc?
-129b3eb
In base 12, what is -586381 + 128?
-586255
In base 5, what is -1201402 + 434012?
-212340
In base 15, what is -9246 - -10c?
-9139
In base 15, what is -21b662d + 8?
-21b6625
In base 5, what is -23310211232 - 10?
-23310211242
In base 9, what is 26 + -3004?
-2867
In base 3, what is -201002011200 + -110?
-201002012010
In base 9, what is -528581 - 273?
-528864
In base 16, what is -958a - -fa?
-9490
In base 8, what is -10 - 20535216?
-20535226
In base 9, what is -238 + 35236?
34887
In base 10, what is 655774 + 4?
655778
In base 13, what is -4 - -69aa90?
69aa89
In base 14, what is -c3b63 + 32d?
-c3834
In base 11, what is 639 - -12a157?
12a795
In base 16, what is -1e817 - -28a?
-1e58d
In base 8, what is 646276 - 52?
646224
In base 10, what is 141487112 + 9?
141487121
In base 2, what is -11 - 1001100101010000010011011?
-1001100101010000010011110
In base 2, what is 1000010001010111110 - -11000?
1000010001011010110
In base 3, what is 1 + 120101102111022?
120101102111100
In base 11, what is -888 - 287352?
-28812a
In base 6, what is -213440 + 33313?
-140123
In base 5, what is -2140 - -10144023?
10141333
In base 7, what is 3053052 - -33?
3053115
In base 16, what is 3 - 65d97?
-65d94
In base 2, what is 100010100001010 - 100000010?
100010000001000
In base 3, what is 1021222021012111 + -2?
1021222021012102
In base 2, what is 10100001001101110100 - 1000110?
10100001001100101110
In base 14, what is -2 - 156a6538?
-156a653a
In base 14, what is -3a1 - 2ab2d?
-2b0d0
In base 11, what is 7829 + 13468?
20196
In base 13, what is -54 + -7b555?
-7b5a9
In base 10, what is -35 - 393669?
-393704
In base 14, what is 8bc4 - -7c6?
95aa
In base 5, what is 3010 + -3133342?
-3130332
In base 13, what is 3b6 - -1ba992?
1bb078
In base 4, what is -13 - -2130312012000?
2130312011321
In base 5, what is -104130410 - -32?
-104130323
In base 4, what is 12112330100101 - -20?
12112330100121
In base 16, what is -4e + 7adf8?
7adaa
In base 7, what is 26 + -2536421?
-2536362
In base 7, what is 3 + -243204641?
-243204635
In base 5, what is -31411232 + -414?
-31412201
In base 3, what is 112102 - -1021121222?
1022011101
In base 11, what is 10 + 2558aa?
25590a
In base 11, what is 327 + 11a455?
11a781
In base 15, what is -21934 + 542?
-213e2
In base 2, what is -11111 + -1001111001110100111?
-1001111001111000110
In base 6, what is 2521422 - -5133?
2530555
In base 14, what is -41b - 848a?
-88a7
In base 16, what is 8 + -39bf84?
-39bf7c
In base 5, what is 440 - -134222113?
134223103
In base 13, what is -7 + 681524b?
6815244
In base 15, what is -3 - -1167229?
1167226
In base 7, what is 14 + 6331035?
6331052
In base 11, what is 736a3 + -711?
72a92
In base 7, what is 156263143 + 5?
156263151
In base 13, what is -11 - 209b93?
-209ba4
In base 16, what is 0 + 538e87?
538e87
In base 3, what is 202000111010000 - 2?
202000111002221
In base 8, what is 2130 + 51333?
53463
In base 15, what is 339a3 - -81d?
342c1
In base 3, what is -1120102220212 - -111022?
-1120102102120
In base 14, what is 3299c8db - 5?
3299c8d6
In base 14, what is 19 + a9bd4?
a9c0d
In base 16, what is -1b0a191 - 3?
-1b0a194
In base 2, what is 10110001 + 111111101001011101?
111111101100001110
In base 16, what is -f9f79f + -15?
-f9f7b4
In base 9, what is 4215075 - -4?
4215080
In base 4, what is 2 + -112131201030?
-112131201022
In base 14, what is -201 + -464?
-665
In base 8, what is 17651476 + -42?
17651434
In base 5, what is 1420302420 - 12?
1420302403
In base 12, what is -3 + -3114a90?
-3114a93
In base 6, what is -2202225520 - 5?
-2202225525
In base 9, what is 81 - 21188233?
-21188142
In base 9, what is 2 - 2454488?
-2454486
In base 10, what is 13 - -3217824?
3217837
In base 3, what is -11122 - 20020000112?
-20020012011
In base 16, what is -5545d22f + 3?
-5545d22c
In base 5, what is 4 + -213123424?
-213123420
In base 6, what is -245 - 11010123?
-11010412
In base 15, what is 2ae9 + 85a?
3454
In base 3, what is -2100120121102 - 1212?
-2100120200021
In base 6, what is -200 + -4405?
-5005
In base 14, what is -475519 - 4?
-47551d
In base 4, what is 3220 + -331123231?
-331120011
In base 11, what is 2862018 - 2?
2862016
In base 16, what is -1b77fe + -18a?
-1b7988
In base 16, what is 0 - 2240c6?
-2240c6
In base 14, what is 46 - -248a22?
248a68
In base 11, what is -62a8 + 13?
-6295
In base 14, what is -2496 - 127?
-25bd
In base 4, what is -212122323 + -122?
-212123111
In base 13, what is 2256a - 4?
22566
In base 15, what is 0 - -448b4bc?
448b4bc
In base 10, what is -36063 + -3710?
-39773
In base 12, what is 53275b - 22?
532739
In base 16, what is 352 + -44a8b?
-44739
In base 3, what is 1100200220102111 - -11?
1100200220102122
In base 11, what is 80 + 2193562?
2193632
In base 11, what is -16a686 + -11?
-16a697
In base 8, what is 241120 - 156?
240742
In base 14, what is 124 + -a3bb?
-a297
In base 12, what is 1b570b1 - 56?
1b57057
In base 14, what is 14c691 + -21?
14c670
In base 3, what is 10010001212210 + -12?
10010001212121
In base 8, what is 505 - 2245314?
-2244607
In base 4, what is 10 + -2232121112002?
-2232121111332
In base 7, what is -52 + -46125241?
-46125323
In base 12, what is -39a2 - -52763?
4a981
In base 11, what is 1a95a6 - -10?
1a9606
In base 9, what is -7 - 700365?
-700373
In base 5, what is 3 + 2030300422?
2030300430
In base 5, what is -12044441 + -2133?
-12102124